te?
False
Is 458956903 a prime number?
True
Is 1066246729 composite?
False
Is 127245853279 a composite number?
False
Is 152619983 a composite number?
True
Is 8407323065 prime?
False
Is 16500701213 a prime number?
False
Is 62051917 prime?
False
Is 20444444639 a composite number?
True
Is 78173368187 composite?
True
Is 21161058827 composite?
False
Is 49980584659 prime?
True
Is 187531219 composite?
False
Is 1854143357 composite?
True
Is 242472779 prime?
True
Is 108988784659 a composite number?
False
Is 10043294003 prime?
False
Is 7767354797 a prime number?
False
Is 14369605729 prime?
True
Is 6845198491 a prime number?
True
Is 2281540601 a composite number?
False
Is 37482282743 prime?
False
Is 1667866043 composite?
True
Is 59238049427 composite?
False
Is 18990029 a composite number?
True
Is 14531471251 a composite number?
True
Is 203700109 composite?
False
Is 25364915063 composite?
False
Is 38541082529 a prime number?
True
Is 1325696627 a composite number?
False
Is 2639192989 composite?
False
Is 1284465121 composite?
False
Is 63725557503 prime?
False
Is 573259655 a prime number?
False
Is 2079445141 composite?
False
Is 18556615409 composite?
False
Is 2869814111 composite?
False
Is 27109656733 composite?
True
Is 3261361693 a prime number?
True
Is 1936979297 composite?
True
Is 396946494101 prime?
True
Is 776701489 prime?
False
Is 10061933911 a prime number?
False
Is 1821508459 composite?
True
Is 8415111157 prime?
True
Is 1507753829 prime?
True
Is 8839013263 a prime number?
True
Is 648035669 a prime number?
False
Is 12104277191 composite?
True
Is 841570219 a prime number?
False
Is 971597801 a prime number?
True
Is 33609294259 a composite number?
False
Is 1981290061 a prime number?
False
Is 1249932049 a prime number?
False
Is 4863502471 a composite number?
False
Is 17863722626 a composite number?
True
Is 68368843882 a prime number?
False
Is 11578090753 a prime number?
True
Is 877428077 prime?
False
Is 408308286406 composite?
True
Is 523535939 a prime number?
True
Is 911800727 prime?
False
Is 1831092818 prime?
False
Is 58403666381 a composite number?
True
Is 59799938789 composite?
True
Is 170270371 a prime number?
True
Is 149270871427 a prime number?
True
Is 598255709 a prime number?
True
Is 4910906779 prime?
True
Is 51894705839 a composite number?
True
Is 41920333009 a prime number?
False
Is 6327543991 prime?
True
Is 8343233321 composite?
False
Is 38747997389 composite?
True
Is 1914198701 composite?
True
Is 3887482177 prime?
True
Is 26847988291 a composite number?
True
Is 3799321213 a prime number?
True
Is 191707878487 a prime number?
True
Is 645134163 composite?
True
Is 60914346767 prime?
True
Is 100395133 composite?
True
Is 15719299753 prime?
False
Is 512936441 a composite number?
True
Is 9429011827 a composite number?
True
Is 3408028837 a prime number?
True
Is 449458235111 a prime number?
True
Is 2206516589 a prime number?
True
Is 5203235563 composite?
False
Is 7482124631 prime?
True
Is 7773509951 prime?
True
Is 27789588163 a prime number?
True
Is 53082031559 prime?
True
Is 6808628447 composite?
False
Is 2043323551 a prime number?
False
Is 71341368643 composite?
True
Is 9431760241 prime?
True
Is 1950838069 a prime number?
False
Is 283399373 composite?
False
Is 35146210993 a prime number?
True
Is 22618479629 prime?
False
Is 5408210701 composite?
True
Is 33081405307 a prime number?
False
Is 2689758947 composite?
True
Is 246895878629 a prime number?
True
Is 3757194951 a prime number?
False
Is 3007796951 prime?
False
Is 29698580959 composite?
False
Is 19019091001 a prime number?
True
Is 1000636279 prime?
False
Is 853783783 a prime number?
True
Is 1110939481 a prime number?
False
Is 79323998651 a prime number?
True
Is 867652417 composite?
False
Is 1556091587 a composite number?
False
Is 1866160631 composite?
True
Is 6696472979 prime?
False
Is 1461737521 a composite number?
False
Is 5643336827 prime?
True
Is 184287522449 composite?
True
Is 2429549819 a prime number?
True
Is 4011121753 a composite number?
False
Is 341831803 composite?
True
Is 92052097601 composite?
True
Is 2914724959 a prime number?
False
Is 2751248933 composite?
True
Is 564970433 a prime number?
False
Is 839651699 a prime number?
True
Is 286025941 a prime number?
True
Is 155660009 a prime number?
False
Is 973404449 a prime number?
False
Is 9303794387 composite?
True
Is 869354873 prime?
True
Is 417220751 composite?
True
Is 771724747 composite?
True
Is 480204905 a composite number?
True
Is 95707951127 a prime number?
False
Is 1112474969 a prime number?
False
Is 8833969451 a composite number?
False
Is 2634291553 a prime number?
False
Is 23241293135 prime?
False
Is 1069220137 a composite number?
False
Is 3903794627 prime?
True
Is 227928527 composite?
False
Is 4289202553 prime?
True
Is 44988287 a prime number?
True
Is 34910821991 composite?
False
Is 12286564613 a composite number?
False
Is 104044209697 a composite number?
False
Is 24156868441 a prime number?
False
Is 9968228447 a composite number?
True
Is 44603562877 composite?
True
Is 18285746099 composite?
True
Is 23331247721 composite?
False
Is 202116312997 a composite number?
False
Is 1566473509 a prime number?
False
Is 5340736347 prime?
False
Is 9389306854 composite?
True
Is 44732995091 a prime number?
False
Is 3819915833 a prime number?
True
Is 236326885 a prime number?
False
Is 215278573 a prime number?
False
Is 92190661 a composite number?
False
Is 1416718201 a prime number?
True
Is 2581184431 prime?
False
Is 781124401 a prime number?
False
Is 331179487 a prime number?
False
Is 5251258351 prime?
False
Is 28323576611 a prime number?
False
Is 3739039471 composite?
False
Is 992952551 composite?
False
Is 89964229 prime?
True
Is 5135279143 a composite number?
True
Is 96993607 prime?
True
Is 5976934609 a prime number?
True
Is 3673173467 a composite number?
False
Is 139769911 composite?
False
Is 18586652349 a prime number?
False
Is 20448587981 a prime number?
True
Is 7482451219 composite?
False
Is 38201349829 composite?
False
Is 18650246777 a prime number?
False
Is 53394699461 composite?
False
Is 244212751777 prime?
False
Is 27373124183 composite?
False
Is 2376806869 a prime number?
True
Is 403800589 composite?
False
Is 57935170331 composite?
True
Is 8576899853 prime?
True
Is 1353710429 composite?
False
Is 33389975599 prime?
True
Is 104370015869 a prime number?
False
Is 3799870817 prime?
True
Is 243890351 a prime number?
True
Is 821157989 composite?
True
Is 301857293 a prime number?
False
Is 3140654273 prime?
False
Is 407054383 composite?
True
Is 1765124371 prime?
True
Is 2509787647 a composite number?
True
Is 2020583837 a composite number?
False
Is 10651763677 a composite number?
False
Is 75193766 a prime number?
False
Is 1402914979 a prime number?
False
Is 285541757 a composite number?
True
Is 115553082661 a composite number?
False
Is 22365060547 prime?
True
Is 49906653089 a composite number?
False
Is 21856129 prime?
True
Is 200052324809 prime?
False
Is 39023209999 a prime number?
False
Is 4281248821 composite?
True
Is 6176063261 a prime number?
False
Is 6790442531 prime?
False
Is 4372496617 prime?
True
Is 85157857271 prime?
True
Is 11123906957 a composite number?
False
Is 1703881394 prime?
False
Is 18039620387 composite?
False
Is 143488193 a composite number?
True
Is 13597606879 a composite number?
False
Is 798279841 prime?
True
Is 2601735623 composite?
True
Is 307353860461 a prime number?
False
Is 2169342667 a composite number?
False
Is 1160750069 prime?
True
Is 6067473589 a prime number?
False
Is 12591483623 prime?
False
Is 15504547 a prime number?
True
Is 66803745401 prime?
False
Is 267120389971 a composite number?
False
Is 937031831 a composite number?
False
Is 2574163597 a composite number?
False
Is 2041211537 composite?
False
Is 5458705771 composite?
False
Is 1963715581 prime?
True
Is 1341334061 a prime number?
True
Is 41024953997 a prime number?
True
Is 1060029059 composite?
False
Is 60129697601 prime?
True
Is 1782057271 a composite number?
False
Is 246951065 a composite number?
True
Is 83610327 a prime number?
False
Is 1508020469 composite?
True
Is 916822363 prime?
True
Is 133413987494 a composite number?
True
Is 19183301 composite?
False
Is 27528298478 prime?
False
Is 6767502639 composite?
True
Is 6453374249 a prime number?
Fa